e highest common divisor of 14 and h?
14
Let i be 192/(-2)*(-9 + 8). Let p = -94 + i. Suppose -h + 0 = p, 0 = -3*u + 5*h + 28. Calculate the highest common factor of u and 10.
2
Suppose -186*n = -182*n - 4. Suppose n = -b + 7. Let u(x) = 2*x**3 - x**2 + 2*x + 3. Let t be u(3). Calculate the highest common factor of b and t.
6
Suppose 1114*a - 4*q + 3379 = 1117*a, 0 = 4*a + 2*q - 4502. Calculate the greatest common divisor of a and 125.
125
Let l be (-2 + 396/77)*(48 + 2/2). Calculate the highest common divisor of 1414 and l.
14
Let z = -721 + 787. Let n = -566 + 1160. What is the highest common factor of z and n?
66
Let x(u) = 2*u - 8. Let l be x(6). Suppose k = -2*k + p + 62, -l*p = -k + 28. Let y be ((-8)/k)/(1/(-55)). Calculate the highest common factor of y and 33.
11
Let z = 4722 - 4716. Let g = 455 + -197. What is the highest common factor of g and z?
6
Let y = -554 - -564. Suppose y*p - 1439 = 3691. What is the greatest common factor of p and 19?
19
Suppose -i + 468 = 3*i. Let r = i + -52. What is the greatest common factor of 130 and r?
65
Suppose 3*f + 2*f - 4*j - 1226 = 0, -4*f + 980 = -4*j. What is the greatest common factor of 5494 and f?
82
Suppose 13 = 5*b + 4*d, b + 0*b = -d + 2. Suppose 11*c - 7*c = 20. Suppose 4*m + c*v - 10 = 0, -m + 6 = -v - 1. What is the highest common divisor of b and m?
5
Let i = -1368 - -1384. Calculate the greatest common divisor of 20 and i.
4
Suppose 13*i - 3*v - 159 = 9*i, -162 = -4*i + 2*v. Calculate the highest common factor of 56 and i.
14
Let i = 0 - -44. Let x = 302 - 291. Suppose -2*k = 0, -3*g + 110 = 5*k + x. What is the greatest common divisor of g and i?
11
Suppose 4*k + 32 = 0, 14*k = -3*f + 10*k + 2965. Calculate the greatest common factor of 6438 and f.
111
Let r(m) = m**3 + 67*m**2 - 69*m + 331. Let a be r(-68). Calculate the greatest common factor of a and 105.
21
Let z be 5*38/3*3. Suppose -100 - 627 = -108*m + 353. Calculate the greatest common factor of m and z.
10
Suppose -33 = -3*s + 2*v, -34*v + 48 = 3*s - 31*v. Calculate the highest common divisor of 7319 and s.
13
Suppose b + 4*n - 43 = 0, 0 = -5*b + 2*b + 3*n + 84. Suppose b*j - 36*j - 2*d = -92, 5*j = -5*d + 80. Calculate the highest common divisor of 8 and j.
4
Suppose -5*z + 3*p = -17, -15 = 2*z - 6*z + p. Let q = 175 + -116. Suppose 3*l + c - 81 = -l, c = 3*l - q. What is the greatest common divisor of l and z?
4
Let b = 10844 + -10824. What is the highest common factor of 5380 and b?
20
Let c be (-580 + (-12)/6)/(-2)*4/6. What is the highest common divisor of 2 and c?
2
Suppose 27*u = 6830 + 6130. Calculate the highest common factor of 680 and u.
40
Let h be (6 + -12)*(-2)/(-3). Let b be (68/(-2))/(0 + h/(-10)). Let w = b + 93. What is the highest common factor of 1 and w?
1
Suppose 1 = k, -548 = -3*p - 33*k + 34*k. Calculate the greatest common divisor of p and 976.
61
Let v = 101 + -85. Suppose -5*l = v - 36. Calculate the highest common divisor of 20 and l.
4
Let a(w) = 22*w**3 - 180*w**2 + 48*w - 68. Let m be a(8). Suppose -3*y + 111 + 114 = 0. What is the greatest common divisor of y and m?
15
Let m = 6 + 1. Let n = -4792 - -4793. What is the highest common factor of m and n?
1
Suppose 26 + 4 = 5*c. Let s(y) = -461*y - 907. Let d be s(-2). What is the greatest common factor of d and c?
3
Let n = -1934 + 2086. What is the greatest common divisor of 646 and n?
38
Let i be 4/(-20) + (-81)/(-5). Suppose i = 2*c - 2. Suppose c*h - 3*h - 36 = 0. What is the greatest common divisor of h and 4?
2
Let l = -47 + 107. Suppose -512*g + 541*g - 7830 = 0. What is the highest common divisor of l and g?
30
Let u(v) = -v**3 + 13*v**2 + 8*v + 6. Let j be u(-9). What is the highest common factor of j and 308?
44
Let y be 2 + (1 - 1 - 0). Suppose 3*b + 10*b + 156 = 0. Let w be b*3*(-32)/72. Calculate the highest common factor of y and w.
2
Suppose -371 + 71 = -5*t. Suppose 5*x + 4*y = -3824, -x - 59*y - 765 = -58*y. Let s = x + 784. What is the highest common factor of s and t?
20
Suppose -v - 2*v + 2*r + 46 = 0, 0 = -v - 4*r + 6. Suppose v = -351*b + 352*b. Calculate the greatest common divisor of 56 and b.
14
Suppose s + 228*v - 232*v = 538, s + 3*v = 552. Calculate the highest common divisor of 10192 and s.
182
Let i = 18599 + -18505. Calculate the highest common divisor of 5734 and i.
94
Suppose 258*m - 327349 = -30649. Calculate the greatest common factor of m and 207.
23
Suppose 18*o - 45 = 207. Let x be 8/(-5)*85*(-63)/o. Calculate the highest common divisor of x and 36.
36
Let p be (-33)/22*276/(-9). Suppose -98 = -4*i + 86. What is the greatest common divisor of i and p?
46
Suppose 24 = -l + 9*l. Suppose 14 = l*a - 4*j, 9*a + 5*j = 4*a. Suppose -32 = -6*i + a*i. What is the highest common divisor of 88 and i?
8
Suppose 18*w = 277 + 29. Let n be (-2 - -18)/(3/51). Calculate the greatest common factor of n and w.
17
Suppose 769 = -2*a + 7*w + 5614, -2*a + 2*w + 4840 = 0. Calculate the greatest common factor of 531 and a.
59
Let n(m) = -5*m + 50. Let q be n(7). Let j be (-5)/((-30)/(-36)) + q. What is the highest common factor of j and 12?
3
Let y = 1968 + -1873. What is the highest common divisor of 437 and y?
19
Let u = 45 + -15. Let h(k) = -2*k**2 + 31*k + 2035. Let b be h(40). What is the greatest common divisor of b and u?
15
Let k = 88 + -88. Suppose -3*i = 4*d + 279, 2*d + 2*d - 2*i + 294 = k. Let t be (-6)/(d/15)*24. Calculate the highest common divisor of 3 and t.
3
Suppose 3*i + 4*m + 83 = 0, -5*i + 2*m = 31 + 90. Let b be i/(((-2)/(-204))/((-45)/135)). What is the highest common divisor of b and 50?
50
Suppose -15*f = 97*f - 38304. What is the highest common divisor of f and 95?
19
Let s = -10467 - -14998. What is the highest common divisor of 23 and s?
23
Let b(f) = -26*f + 106. Let z be b(4). Suppose -4*t + z*s = -472, 8*s = -3*t + 9*s + 355. Calculate the greatest common divisor of t and 68.
17
Suppose 927 = 30*u - 1893. Let i = -301 - -209. Let x = u + i. Calculate the highest common divisor of x and 24.
2
Let h be 366 + 1 + -6 + 3 + 7. Let c = -149 + h. Calculate the highest common factor of 6 and c.
6
Let c(z) = -z + 6. Let o be c(-5). Suppose 481*y - 590 - 115 = -224*y. What is the greatest common divisor of y and o?
1
Let w = 1792 - 1068. Suppose w - 3886 = -34*f. Calculate the highest common divisor of f and 3.
3
Let z = 62 - 11. Suppose -4*k + 5*k - z = 0. Let p be 2516/k - 4/(-6). What is the highest common factor of 20 and p?
10
Let f be ((-4)/(-10))/((-24)/(-600)). Let z be 2/(-5) - ((-944)/f - 0). Calculate the highest common factor of 141 and z.
47
Let x = -5382 - -6005. Calculate the greatest common divisor of x and 712.
89
Let w(y) = -2*y**2 - 32*y + 8. Let z be w(-10). Let l(f) = 26*f + 34. Let b be l(3). Calculate the greatest common factor of b and z.
16
Let c = 13112 + -3872. What is the greatest common factor of 110 and c?
110
Suppose x - 2 = 0, -3*u + x + 3*x + 7 = 0. Let i = 2090 + -2080. What is the highest common divisor of u and i?
5
Let x be 45*((-122)/1)/(11 - 21 - -8). Calculate the greatest common divisor of 45 and x.
45
Suppose 0 = 5*p - 2*p. Suppose v + 4*v - 1575 = p. Let q be 12 + -18 - (-39 + -2). What is the highest common divisor of v and q?
35
Let c be 2/4*(-6 - -2). Let o be (-28)/(c + 7/4). Suppose 84 = 29*v - 26*v. Calculate the highest common divisor of o and v.
28
Let h be (1 - -4)/((-119)/(-2618)). What is the greatest common factor of 2230 and h?
10
Let i(t) = 35*t**2 + t. Let m be i(1). Let c = 205 - 208. Let l(q) = 3*q**3 + 10*q**2. Let n be l(c). What is the greatest common divisor of m and n?
9
Suppose -2*w + 23 = 5*h - 4*w, 5*h + 5*w = -5. Let y be ((-20)/h - 0)*(-5 + -10). Calculate the highest common factor of 60 and y.
20
Let h(c) = 4*c**3 + 9*c**2 + 9. Let f(g) = -9*g**3 - 20*g**2 - 19. Let i(p) = 3*f(p) + 7*h(p). Let y be i(3). What is the greatest common divisor of y and 210?
30
Suppose -219*u + 218*u = -6. Let x be -75*(((-54)/u - -3) + 1). Calculate the highest common factor of x and 30.
15
Suppose 3219 = -15*w + 23889. What is the highest common factor of w and 742?
106
Let y = 3037 - -583. Calculate the highest common divisor of 20 and y.
20
Suppose 0 = 370*w - 13875 - 3885. What is the greatest common divisor of 8304 and w?
48
Suppose -12*z = -0*z - 396